e of 94 + (-29 + 38 - 50)?
53
Evaluate 479 - 430 - (18 - 1).
32
Calculate (-52 - 23 - -171) + -53.
43
1 + (39 - 37) + (4 + 6 - 1) - 114
-102
-1417 + 1388 + (53 - 0)
24
Calculate -21 + 61 + (11 - (33 - 7)).
25
7 + (-12 - -15 - 11) + (14 - 29) + 16
0
What is -74 + (-30 - -93) + (-34 - (-6 + 2 - -3))?
-44
38 + -263 + 194 + 54 + 0
23
Calculate 177 + (-55 - (100 + -33)).
55
What is (498 - 480) + (3 - 1 - -1) + -67?
-46
1981 + -2093 + 43 + -3
-72
97 + 2 - (1098 + -965)
-34
Calculate -159 + (39 + -19 - -1 - (-9 - -5)).
-134
What is the value of -20 - (-29 + 56) - (4 + -22)?
-29
Evaluate -5 - 0 - ((-8 - (-16 + 15)) + 15).
-13
-13 + 1 + (-286 - -275) + -19
-42
What is the value of 19 - (-8 - (-15 - -22) - -18)?
16
What is the value of 1 + 4 + -23 + (9 - -22) + -11?
2
What is the value of 1 + -18 + (3 - -38) + (6 - -1)?
31
Evaluate -1 + (-2 - (140 - 128 - (-34 - 1 - 2))).
-52
Evaluate (-3 - 6) + -3 + (17 - 23).
-18
-99 - (18 + (-3 - -9) - 70)
-53
What is the value of (40 - 11) + -3 + 14 + 4 + 6 + -2?
48
What is -132 + 38 + 330 + -234?
2
Evaluate 3 - (7 - 1 - -4) - (-9 - (-37 + 56)).
21
Evaluate -18 + (35 - -74 - 70).
21
What is 62 - (2 + 9 + -50) - (6 + 3)?
92
What is 29 + (19 - (3 - (3 - -3)))?
51
What is the value of 25 - (6 + 1 + (-386 - -387 - (-2 - -3)))?
18
(-2 - (-6 - 3)) + (407 - 400)
14
What is (-90 - (-47 + -35)) + (-2 - -1 - -1) - 18?
-26
Evaluate 11 + (-12 - -21 - -2) + -1 + 17.
38
Evaluate -72 - (12 - 8 - 62).
-14
Evaluate (-124 - -127 - (-1 - -7) - -1) + -14.
-16
Calculate (-26 - -28) + 35 - -14.
51
What is the value of (183 - 80) + -49 + -20?
34
What is -13 + (4 + -8 - (-113 + 83))?
13
What is (-12 - (16 - 16)) + (3 - -21)?
12
-37 + 6 + 73 + -66
-24
What is -10 + 11 + 104 + (14 + -20 - 13)?
86
Calculate -29 - ((26 - 50) + 23 + 1).
-29
Calculate -125 - (-5 - 58) - -33.
-29
Calculate 52 + -83 + 13 + (7 - 15).
-26
(-5 - -19) + -12 + -32
-30
What is the value of 10 - (23 + (-19 + 8 - -17))?
-19
What is -13 + 0 - ((70 - 4) + -32)?
-47
What is the value of (63 + -32 - 3) + 24?
52
(6 - 98 - -6) + -3 - (155 + -173)
-71
What is the value of (-25 + -91 - 69) + 115?
-70
What is (25 - (-10 + 14)) + (141 - 280)?
-118
Calculate -7 + 0 + 42 + -29.
6
What is the value of (-28 - (1 + 13 - 8)) + 48?
14
Calculate -7 + 4 - (-5 + -1 + -1 + -3 - -102).
-95
Calculate -20 + 57 + -61 - -2.
-22
-9 + -24 + 18 - (18 + 20)
-53
Evaluate (-1 - -6) + (-5 + (10 - 5) - (75 + 28)).
-98
-11 + -11 + 14 + -5 + (10 - -11 - -21)
29
What is 12 - ((-20 - -33) + -23) - 23?
-1
Evaluate 0 + 28 - (-33 + (205 - 166)).
22
What is the value of -4 + -3 + (1 - -2 - 56) + (605 - 594)?
-49
What is the value of -40 + 38 - ((-1 - 2) + (-20 - -17)) - 53?
-49
Calculate (15 - 21) + -3 + 18 + -17.
-8
Evaluate (14 - 35) + -23 + 48.
4
What is 2 + -81 - (13 + 41 + -48)?
-85
Evaluate 13 - 27 - -21 - 37 - 1.
-31
2 + (8 - (5 + (9 - 7))) + (-31 - 3)
-31
-55 - (17 - 76) - (-1 + -45)
50
Calculate 3 + -87 - (-131 - 3 - -107).
-57
What is (9 - 0) + (5 - (15 - -31 - 32)) + -72?
-72
What is the value of 28 + -13 + 21 + (-5 - 8) + 6 + -1?
28
7 + 3 + 10 + -29 - 19
-28
What is 104 - ((41 - 77) + 122)?
18
Calculate -225 + 233 - (45 - -2) - 38.
-77
What is the value of -580 - -588 - (2 + -3 - -4) - 94?
-89
What is the value of (-15 - (-26 + -28 + 20)) + (-6 - 0) + 104?
117
Evaluate (-1 - 47 - (55 + -8 + -33)) + 11.
-51
Calculate -28 + -22 + 9 + -30.
-71
What is -32 - (-69 + 97 - 85)?
25
What is -22 - (0 - 1 - (346 + -353))?
-28
What is the value of (2 - -44) + (841 - 868) + 73 + 0?
92
Calculate -1 + 20 + (-28 - 1) + -30.
-40
What is (3 - -13 - -31) + 4 + 9 + -12?
48
What is -3 + (151 - 115 - (7 + (-4 - (-7 - -3))))?
26
What is the value of -9 + 13 + -11 + (-2 - -9) + -3 + -3?
-6
What is the value of (-6 - -1) + (-1 - (45 - -19))?
-70
Calculate (-4859 - -4861) + (-5 - -43 - (0 - (0 - -1))).
41
What is the value of -6 + 6 + -2 + (28 - (5 + -5 - -9))?
17
What is the value of -69 + -11 + (4 + 2 - (-3 + 12))?
-83
-6 + (6 - 16) - (2 + -5 + 8)
-21
What is the value of (-14 - 4) + (-5 - -8) + 22 - 31?
-24
What is (2 - -57) + (-701 - -732)?
90
What is -10 - (16 - 45) - 21 - -122 - (-13 + 3)?
130
Evaluate 22 - -1 - (-39 + 112 - 39).
-11
(70 - 34 - 25) + (6 - 4) + 16
29
Calculate (217 - 149) + (15 - 1) + 5 + -14.
73
-1437 + 1430 - (2 + (-44 - 0))
35
What is -30 + (649 - 612 - (-1 + 114))?
-106
What is (-6 - (0 + 2)) + (-87 + 11 - -91) + 30?
37
Calculate (-20 - (-6 + 5)) + (7 + -27 - -8).
-31
-15 - ((-3 - 1) + -5)
-6
What is the value of (1 + -17 - (-45 + 47 - 7)) + 48?
37
(1 - (3 - -1)) + -22 + 23 - -5
3
Evaluate 26 + 12 + -36 - (15 + -21 + (2 - -32)).
-26
What is -15 + -5 - (6 + (15 - 31))?
-10
What is -4 + 43 + -9 + 5 + -4 + 0 + -2?
29
Evaluate -93 + 189 + -164 + 57.
-11
6 - (1 - 0) - ((16 - 7) + 35 + 3)
-42
(5 - (1 + -1 - -1 - (25 + -70))) + -4
-45
(-17 - (19 - 12)) + 22 - -13
11
What is (-19 - (-14 - 19)) + -20 - 0?
-6
Evaluate -2 - ((11 - (8 - (0 + 20) - -4)) + 9).
-30
-91 + -14 + (-28 - -27) + (15 - 4) + -4
-99
What is 24 + -5 + -10 + (-41 - -2) + -10?
-40
Evaluate 2 + -5 + -50 - (19 + -28 - (27 - 29)).
-46
Calculate 79 + (-18 - -7) + -60.
8
Calculate -19 + -22 + -11 + (3 - 0).
-49
Evaluate -245 + 256 + -2 + 1 + -6 + 2.
6
What is the value of (68 - 56) + -15 + -1 + 0 + 27 + -7?
16
-817 + 823 + 2 + -13
-5
What is the value of 3 + 4 + 30 + -2 + (22 - 17 - 15)?
25
2 - (0 - -21) - (-4598 - -4614)
-35
What is the value of 17226 + -17334 + 23 + -1?
-86
What is -3445 - -3473 - (2 - -71)?
-45
What is the value of (9 - 31 - (8 - 0)) + (1 - 0 - 8)?
-37
What is (73 - (103 + 57)) + 41?
-46
Calculate -2 - ((-107 - -77) + 106).
-78
Evaluate (0 - 32) + (-86 - 37 - -198).
43
Evaluate 17 - 11 - (-25 + -48 + 91).
-12
Calculate 88 + (20 - (12 + 21 + 2)).
73
What is the value of (38 - 6 - -1) + (-27 - (-108 + 87))?
27
Calculate (34 - -46) + -9 + -119.
-48
What is -23 - (75 + (-86 - -43))?
-55
What is 713 + -719 - (-2 + (2 - -22))?
-28
Evaluate (-7 + -17 - -17) + -6 + 13.
0
Calculate (31 - 1) + 48 + -44 + -73.
-39
-84 + ((22 - (-11 + 16)) + 3 - (-4 + 18))
-78
Evaluate 57 - 67 - ((0 - 30 - 1) + -5).
26
What is the value of 4 - (86 - (0 - -2 - (-143 - -131)))?
-68
234 - 32 - 44 - 85
73
Calculate (-6 - (-1 + -9)) + (13 - (-91 - (-18 - -9))).
99
Calculate (-3 + -2 - (-54 - -87)) + 55.
17
Evaluate -1557 + 1637 - (32 + 2 - -2).
44
What is the value of (-6 - -36) + 5 + 6 + 5?
46
Calculate 13 + (-16 - 9 - (-6 - -3)) + -7 + 73.
57
38 - (-35 + 0 + (1637 - 1486))
-78
Evaluate -46 + 9 + 32 - 36.
-41
Evaluate -58 - (5 + 8 + 0 + (-7 - -8)).
-72
Evaluate -84 - 143 - -116 - -56.
-55
What is (32 - (10 + -15)) + -25 - (0 + -4)?
16
What is the value of -22 - (456 + -470 + (-1 - (-4 - 5)))?
-16
Evaluate (0 - 104) + (-1959 - -1998).
-65
Evaluate (-842 - -766) + -3 + 121.
42
Calculate (-3 + 20 - (180 - 180)) + -110.
-93
Calculate (20 - 0) + -42 - ((9 - 11) + -6).
-14
Calculate 240 - 285 - (-1 + -1 + 9) - -9.
-43
(26 - (-9 - (-12 + 14))) + -14
23
What is the value of -97 - -2 - (-1456 + 1399)?
-38
Calculate -40 + (11 - (-10 + 2)) + 3.
-18
Evaluate 1 + 7 + 0 + 40 + -43 + 2 + 35.
42
9 - 6 - (-19 - (7 + -13))
16
Calculate 964 - 975 - (3 + -2 - -12).
-24
Evaluate 37 + 38 + (-8 - 29) - 9.
29
Calculate -45 + (-23 - 3) + 28 - -22.
-21
-5 + (-11 - -1) + (-6 + 16 - (1 + -52))
46
What is (-33 - -50 - 1) + -86?
-70
Evaluate (9 - 1) + (10 + (-25 - 1) - 2).
-10
What is the value of -6 + -3 + 24 + -18 - -21?
18
What is (1498 - 1464) + 3 + 2?
39
1 + 41 - (273 + -244)
13
Evaluate 17 + -20 + (22 - 20 - -36).
35
Calculate 9 + 42 + 12 + (11 - (-7 - (-9 - 19))).
53
Evaluate -48 + (-75 - (-8 - (-15 - -53))).
-77
Evaluate (2 - (-43 - -1 - 1)) + -39 + -134 + 165.
37
-48 - (-63 - (-104 - -168))
79
What is (3 - -3) + -3 + 5 + (-24 - 39) + 45?
-10
Evaluate -11 + 27 - -68 - (-2 + 3 + 2 + 8).
73
What is the value of 43 + 4 + (-99 - -29)?
-23
(-65 - (-65 + 11)) + -19
-30
What is the value of -60 + 1 + (122 - (150 + -53))?
-34
What is -34 + 1 + (-372 - -421)?
16
What is the value of -3 + 1 + (18 - 28) - -2 - -5 - -71?
66
Calculate -5 + (4 + 0 + -5 - 1) + (25 - -29).
47
What is (-5 - -15) + (-23 - -17) + -16?
-12
(-14 - ((12 - (4 - 9)) + -35)) + 39
43
Calculate 242203 - 242188 - (-2 - -1 - (1 + -22)).
-5
Calculate 76 + -1 + 1894 + -1920.
49
Evaluate (96 - (-13 + 59)) + -42.
8
What is 2 +